{"id":13842,"date":"2023-09-01T11:12:21","date_gmt":"2023-09-01T11:12:21","guid":{"rendered":"https:\/\/arrondissementbettana.ma\/?page_id=13842"},"modified":"2023-09-01T11:39:12","modified_gmt":"2023-09-01T11:39:12","slug":"app-arrondissement-bettana","status":"publish","type":"page","link":"https:\/\/arrondissementbettana.ma\/index.php\/app-arrondissement-bettana\/","title":{"rendered":"App Arrondissement Bettana"},"content":{"rendered":"\t\t<div data-elementor-type=\"wp-page\" data-elementor-id=\"13842\" class=\"elementor elementor-13842\">\n\t\t\t\t\t\t<div class=\"elementor-inner\">\n\t\t\t\t<div class=\"elementor-section-wrap\">\n\t\t\t\t\t\t\t\t\t<section class=\"elementor-section elementor-top-section elementor-element elementor-element-9f2fd7f elementor-section-boxed elementor-section-height-default elementor-section-height-default\" data-id=\"9f2fd7f\" data-element_type=\"section\">\n\t\t\t\t\t\t<div class=\"elementor-container elementor-column-gap-thegem\">\n\t\t\t\t\t\t\t<div class=\"elementor-row\">\n\t\t\t\t\t<div class=\"elementor-column elementor-col-100 elementor-top-column elementor-element elementor-element-ff2663d\" data-id=\"ff2663d\" data-element_type=\"column\">\n\t\t\t<div class=\"elementor-column-wrap elementor-element-populated\">\n\t\t\t\t\t\t\t<div class=\"elementor-widget-wrap\">\n\t\t\t\t\t\t<div class=\"elementor-element elementor-element-3cf5b83 elementor-aspect-ratio-169 flex-horizontal-align-default flex-horizontal-align-tablet-default flex-horizontal-align-mobile-default flex-vertical-align-default flex-vertical-align-tablet-default flex-vertical-align-mobile-default elementor-widget elementor-widget-video\" data-id=\"3cf5b83\" data-element_type=\"widget\" data-settings=\"{&quot;video_type&quot;:&quot;hosted&quot;,&quot;controls&quot;:&quot;yes&quot;,&quot;aspect_ratio&quot;:&quot;169&quot;}\" data-widget_type=\"video.default\">\n\t\t\t\t<div class=\"elementor-widget-container\">\n\t\t\t<style>\/*! elementor - v3.7.8 - 02-10-2022 *\/\n.elementor-widget-video .elementor-widget-container{overflow:hidden;-webkit-transform:translateZ(0);transform:translateZ(0)}.elementor-widget-video .elementor-open-inline .elementor-custom-embed-image-overlay{position:absolute;top:0;left:0;width:100%;height:100%;background-size:cover;background-position:50%}.elementor-widget-video .elementor-custom-embed-image-overlay{cursor:pointer;text-align:center}.elementor-widget-video .elementor-custom-embed-image-overlay:hover .elementor-custom-embed-play i{opacity:1}.elementor-widget-video .elementor-custom-embed-image-overlay img{display:block;width:100%}.elementor-widget-video .e-hosted-video .elementor-video{-o-object-fit:cover;object-fit:cover}.e-container>.elementor-widget-video{width:var(--container-widget-width,100%)}<\/style>\t\t<div class=\"e-hosted-video elementor-wrapper elementor-fit-aspect-ratio elementor-open-inline\">\n\t\t\t\t\t<video class=\"elementor-video\" src=\"https:\/\/arrondissementbettana.ma\/wp-content\/uploads\/2023\/09\/App.-bettana.mp4\" controls=\"\" controlsList=\"nodownload\" poster=\"https:\/\/arrondissementbettana.ma\/wp-content\/uploads\/2023\/09\/Capture-decran-2023-09-01-a-12.06.45.png\"><\/video>\n\t\t\t\t<\/div>\n\t\t\t\t<\/div>\n\t\t\t\t<\/div>\n\t\t\t\t\t\t<\/div>\n\t\t\t\t\t<\/div>\n\t\t<\/div>\n\t\t\t\t\t\t\t\t<\/div>\n\t\t\t\t\t<\/div>\n\t\t<\/section>\n\t\t\t\t<section class=\"elementor-section elementor-top-section elementor-element elementor-element-cdbcd10 elementor-section-boxed elementor-section-height-default elementor-section-height-default\" data-id=\"cdbcd10\" data-element_type=\"section\">\n\t\t\t\t\t\t<div class=\"elementor-container elementor-column-gap-thegem\">\n\t\t\t\t\t\t\t<div class=\"elementor-row\">\n\t\t\t\t\t<div class=\"elementor-column elementor-col-33 elementor-top-column elementor-element elementor-element-f7e5461\" data-id=\"f7e5461\" data-element_type=\"column\">\n\t\t\t<div class=\"elementor-column-wrap\">\n\t\t\t\t\t\t\t<div class=\"elementor-widget-wrap\">\n\t\t\t\t\t\t\t\t<\/div>\n\t\t\t\t\t<\/div>\n\t\t<\/div>\n\t\t\t\t<div class=\"elementor-column elementor-col-33 elementor-top-column elementor-element elementor-element-c17abfd\" data-id=\"c17abfd\" data-element_type=\"column\">\n\t\t\t<div class=\"elementor-column-wrap elementor-element-populated\">\n\t\t\t\t\t\t\t<div class=\"elementor-widget-wrap\">\n\t\t\t\t\t\t<div class=\"elementor-element elementor-element-8003f98 flex-horizontal-align-default flex-horizontal-align-tablet-default flex-horizontal-align-mobile-default flex-vertical-align-default flex-vertical-align-tablet-default flex-vertical-align-mobile-default elementor-widget elementor-widget-heading\" data-id=\"8003f98\" data-element_type=\"widget\" data-widget_type=\"heading.default\">\n\t\t\t\t<div class=\"elementor-widget-container\">\n\t\t\t<style>\/*! elementor - v3.7.8 - 02-10-2022 *\/\n.elementor-heading-title{padding:0;margin:0;line-height:1}.elementor-widget-heading .elementor-heading-title[class*=elementor-size-]>a{color:inherit;font-size:inherit;line-height:inherit}.elementor-widget-heading .elementor-heading-title.elementor-size-small{font-size:15px}.elementor-widget-heading .elementor-heading-title.elementor-size-medium{font-size:19px}.elementor-widget-heading .elementor-heading-title.elementor-size-large{font-size:29px}.elementor-widget-heading .elementor-heading-title.elementor-size-xl{font-size:39px}.elementor-widget-heading .elementor-heading-title.elementor-size-xxl{font-size:59px}<\/style><h4 class=\"elementor-heading-title elementor-size-default\">APPLICATION ARRONDISSEMENT BETTANA<\/h4>\t\t<\/div>\n\t\t\t\t<\/div>\n\t\t\t\t<div class=\"elementor-element elementor-element-6796c79 flex-horizontal-align-default flex-horizontal-align-tablet-default flex-horizontal-align-mobile-default flex-vertical-align-default flex-vertical-align-tablet-default flex-vertical-align-mobile-default elementor-widget elementor-widget-text-editor\" data-id=\"6796c79\" data-element_type=\"widget\" data-widget_type=\"text-editor.default\">\n\t\t\t\t<div class=\"elementor-widget-container\">\n\t\t\t<style>\/*! elementor - v3.7.8 - 02-10-2022 *\/\n.elementor-widget-text-editor.elementor-drop-cap-view-stacked .elementor-drop-cap{background-color:#818a91;color:#fff}.elementor-widget-text-editor.elementor-drop-cap-view-framed .elementor-drop-cap{color:#818a91;border:3px solid;background-color:transparent}.elementor-widget-text-editor:not(.elementor-drop-cap-view-default) .elementor-drop-cap{margin-top:8px}.elementor-widget-text-editor:not(.elementor-drop-cap-view-default) .elementor-drop-cap-letter{width:1em;height:1em}.elementor-widget-text-editor .elementor-drop-cap{float:left;text-align:center;line-height:1;font-size:50px}.elementor-widget-text-editor .elementor-drop-cap-letter{display:inline-block}<\/style>\t\t\t\t\t<div class=\"elementor-text-editor elementor-clearfix\">\n\t\t\t\t<p style=\"text-align: center;\">**<strong>Mr. Imad Eddine Rifi R\u00e9volutionne l&#8217;Arrondissement Bettana avec une Application D\u00e9di\u00e9e<\/strong>**<\/p><p style=\"text-align: center;\">Dans une d\u00e9marche audacieuse pour moderniser et simplifier la vie des r\u00e9sidents de l&#8217;arrondissement Bettana \u00e0 Sale, Mr. Imad Eddine Rifi pr\u00e9sident de l&#8217;arrondissement Bettana, a annonc\u00e9 le lancement des travaux de digitalisation de la r\u00e9gion. Cette initiative visionnaire vise \u00e0 am\u00e9liorer l&#8217;accessibilit\u00e9 aux services locaux et \u00e0 renforcer l&#8217;engagement communautaire.<\/p><p style=\"text-align: center;\">Pour marquer le d\u00e9but de cette r\u00e9volution num\u00e9rique, le site web officiel de l&#8217;arrondissement Bettana, accessible \u00e0 l&#8217;adresse <a href=\"http:\/\/arrondissementbettana.ma\">http:\/\/arrondissementbettana.ma<\/a>, a \u00e9t\u00e9 r\u00e9cemment mis en ligne. Cependant, Mr. Imad Eddine Rifi ne s&#8217;est pas arr\u00eat\u00e9 l\u00e0. Il a \u00e9galement d\u00e9voil\u00e9 une application d\u00e9di\u00e9e pour les habitants de l&#8217;arrondissement Bettana.<\/p><p style=\"text-align: center;\">L&#8217;application de l&#8217;arrondissement Bettana est d\u00e9sormais disponible sur le Play Store pour les utilisateurs Android. Il suffit de cliquer sur ce lien : [<a href=\"https:\/\/play.google.com\/store\/apps\/details?id=com.arrondissementbettana&amp;hl=en_US\">T\u00e9l\u00e9charger l&#8217;Application Bettana<\/a>]<\/p><p style=\"text-align: center;\"><a href=\"https:\/\/play.google.com\/store\/apps\/details?id=com.arrondissementbettana&amp;hl=en_US\">https:\/\/play.google.com\/store\/apps\/details?id=com.arrondissementbettana&amp;hl=en_US<\/a><\/p><p style=\"text-align: center;\">Les utilisateurs iOS ne devront pas attendre longtemps, car l&#8217;application sera bient\u00f4t disponible sur l&#8217;App Store.<\/p><p style=\"text-align: center;\">Cette application a \u00e9t\u00e9 soigneusement con\u00e7ue pour fournir aux r\u00e9sidents de Bettana un acc\u00e8s rapide et pratique \u00e0 une multitude de services locaux, d&#8217;informations et d&#8217;actualit\u00e9s.<\/p><p style=\"text-align: center;\">Mr. Imad Eddine Rifi esp\u00e8re que cette approche novatrice de la digitalisation de l&#8217;arrondissement Bettana facilitera la vie quotidienne de ses habitants en leur offrant un acc\u00e8s simple et rapide \u00e0 toutes les informations et aux services dont ils ont besoin. Cette \u00e9tape est une d\u00e9monstration de son engagement envers l&#8217;am\u00e9lioration de la qualit\u00e9 de vie dans la r\u00e9gion, en utilisant la technologie comme outil principal.<\/p><p style=\"text-align: center;\">En t\u00e9l\u00e9chargeant l&#8217;application de l&#8217;arrondissement Bettana, vous faites partie int\u00e9grante de cette r\u00e9volution num\u00e9rique qui vise \u00e0 rendre Bettana plus connect\u00e9e que jamais. N&#8217;attendez plus, rendez-vous sur le Play Store et t\u00e9l\u00e9chargez l&#8217;application d\u00e8s aujourd&#8217;hui pour profiter de tous ses avantages. Restez \u00e0 l&#8217;aff\u00fbt des mises \u00e0 jour sur l&#8217;application, car de nouvelles fonctionnalit\u00e9s passionnantes seront ajout\u00e9es au fil du temps.<\/p><p style=\"text-align: center;\">L&#8217;arrondissement Bettana entre dans une \u00e8re nouvelle et passionnante de modernisation gr\u00e2ce \u00e0 l&#8217;initiative de Mr. Imad Eddine Rifi.<\/p>\t\t\t\t\t<\/div>\n\t\t\t\t\t\t<\/div>\n\t\t\t\t<\/div>\n\t\t\t\t\t\t<\/div>\n\t\t\t\t\t<\/div>\n\t\t<\/div>\n\t\t\t\t<div class=\"elementor-column elementor-col-33 elementor-top-column elementor-element elementor-element-e381550\" data-id=\"e381550\" data-element_type=\"column\">\n\t\t\t<div class=\"elementor-column-wrap\">\n\t\t\t\t\t\t\t<div class=\"elementor-widget-wrap\">\n\t\t\t\t\t\t\t\t<\/div>\n\t\t\t\t\t<\/div>\n\t\t<\/div>\n\t\t\t\t\t\t\t\t<\/div>\n\t\t\t\t\t<\/div>\n\t\t<\/section>\n\t\t\t\t\t\t\t\t\t<\/div>\n\t\t\t<\/div>\n\t\t\t\t\t<\/div>\n\t\t","protected":false},"excerpt":{"rendered":"<p>https:\/\/arrondissementbettana.ma\/wp-content\/uploads\/2023\/09\/App.-bettana.mp4 APPLICATION ARRONDISSEMENT BETTANA **Mr. Imad Eddine Rifi R\u00e9volutionne l&#8217;Arrondissement Bettana avec une Application D\u00e9di\u00e9e** Dans une d\u00e9marche audacieuse pour&#8230;<\/p>\n","protected":false},"author":1,"featured_media":0,"parent":0,"menu_order":0,"comment_status":"closed","ping_status":"closed","template":"elementor_header_footer","meta":{"_gspb_post_css":"","om_disable_all_campaigns":false,"_mi_skip_tracking":false},"aioseo_notices":[],"_links":{"self":[{"href":"https:\/\/arrondissementbettana.ma\/index.php\/wp-json\/wp\/v2\/pages\/13842"}],"collection":[{"href":"https:\/\/arrondissementbettana.ma\/index.php\/wp-json\/wp\/v2\/pages"}],"about":[{"href":"https:\/\/arrondissementbettana.ma\/index.php\/wp-json\/wp\/v2\/types\/page"}],"author":[{"embeddable":true,"href":"https:\/\/arrondissementbettana.ma\/index.php\/wp-json\/wp\/v2\/users\/1"}],"replies":[{"embeddable":true,"href":"https:\/\/arrondissementbettana.ma\/index.php\/wp-json\/wp\/v2\/comments?post=13842"}],"version-history":[{"count":22,"href":"https:\/\/arrondissementbettana.ma\/index.php\/wp-json\/wp\/v2\/pages\/13842\/revisions"}],"predecessor-version":[{"id":13872,"href":"https:\/\/arrondissementbettana.ma\/index.php\/wp-json\/wp\/v2\/pages\/13842\/revisions\/13872"}],"wp:attachment":[{"href":"https:\/\/arrondissementbettana.ma\/index.php\/wp-json\/wp\/v2\/media?parent=13842"}],"curies":[{"name":"wp","href":"https:\/\/api.w.org\/{rel}","templated":true}]}}